hat is the hundreds digit of 518920995?
9
What is the ten thousands digit of 154613837?
1
What is the units digit of 29551326?
6
What is the hundreds digit of 184955055?
0
What is the tens digit of 85685306?
0
What is the thousands digit of 1201220708?
0
What is the ten thousands digit of 171367562?
6
What is the hundred thousands digit of 6881810393?
8
What is the thousands digit of 396297806?
7
What is the hundreds digit of 97357108?
1
What is the thousands digit of 23977684?
7
What is the thousands digit of 157085345?
5
What is the units digit of 669000590?
0
What is the ten millions digit of 79376152?
7
What is the hundred thousands digit of 62386759?
3
What is the millions digit of 30312716?
0
What is the thousands digit of 1655139653?
9
What is the ten thousands digit of 7723467942?
6
What is the ten millions digit of 326953845?
2
What is the tens digit of 4070414592?
9
What is the hundred thousands digit of 67229561?
2
What is the ten thousands digit of 29533332?
3
What is the millions digit of 84393917?
4
What is the hundred thousands digit of 5187595?
1
What is the thousands digit of 193906160?
6
What is the millions digit of 3413962323?
3
What is the hundred millions digit of 5803116843?
8
What is the tens digit of 76165989?
8
What is the thousands digit of 687931240?
1
What is the billions digit of 3333731468?
3
What is the hundreds digit of 31017653?
6
What is the ten millions digit of 23939500?
2
What is the tens digit of 3554387382?
8
What is the units digit of 2364244834?
4
What is the ten millions digit of 60490415?
6
What is the hundreds digit of 2120355779?
7
What is the ten millions digit of 714546537?
1
What is the tens digit of 1675843780?
8
What is the ten millions digit of 338966501?
3
What is the hundred thousands digit of 59075617?
0
What is the hundreds digit of 3380397597?
5
What is the ten millions digit of 11955214?
1
What is the tens digit of 231412597?
9
What is the tens digit of 5000470656?
5
What is the hundred millions digit of 142784615?
1
What is the hundred millions digit of 808521443?
8
What is the hundred millions digit of 320151681?
3
What is the hundreds digit of 75679379?
3
What is the hundred thousands digit of 148382595?
3
What is the units digit of 77109918?
8
What is the ten thousands digit of 2803559?
0
What is the ten thousands digit of 1432694539?
9
What is the millions digit of 990240857?
0
What is the hundreds digit of 5005846?
8
What is the ten millions digit of 30496054?
3
What is the tens digit of 1183225808?
0
What is the millions digit of 88325747?
8
What is the millions digit of 4986941583?
6
What is the hundred millions digit of 268980998?
2
What is the thousands digit of 41868593?
8
What is the ten millions digit of 243550313?
4
What is the thousands digit of 2664011939?
1
What is the billions digit of 5152657508?
5
What is the hundred thousands digit of 154006558?
0
What is the units digit of 117445625?
5
What is the millions digit of 80885442?
0
What is the ten thousands digit of 375300162?
0
What is the millions digit of 84369406?
4
What is the ten thousands digit of 8427946?
2
What is the hundreds digit of 3981320233?
2
What is the tens digit of 75627278?
7
What is the hundreds digit of 58175762?
7
What is the units digit of 218689846?
6
What is the tens digit of 6080346?
4
What is the hundred thousands digit of 28512570?
5
What is the ten millions digit of 90029659?
9
What is the millions digit of 523317467?
3
What is the millions digit of 1128231615?
8
What is the millions digit of 2264768541?
4
What is the thousands digit of 404235664?
5
What is the tens digit of 77467146?
4
What is the thousands digit of 1016380350?
0
What is the hundred thousands digit of 1209158351?
1
What is the millions digit of 3834675930?
4
What is the thousands digit of 354640291?
0
What is the tens digit of 430804977?
7
What is the tens digit of 3666444857?
5
What is the tens digit of 2248098413?
1
What is the ten millions digit of 5240446093?
4
What is the millions digit of 11210849?
1
What is the tens digit of 39829895?
9
What is the ten thousands digit of 47766181?
6
What is the hundreds digit of 923809991?
9
What is the hundreds digit of 115157707?
7
What is the thousands digit of 1801997599?
7
What is the units digit of 109965942?
2
What is the billions digit of 2316665918?
2
What is the thousands digit of 22038496?
8
What is the hundreds digit of 47757946?
9
What is the ten millions digit of 511198515?
1
What is the units digit of 21732988?
8
What is the hundred thousands digit of 1031429114?
4
What is the thousands digit of 250979645?
9
What is the units digit of 132540801?
1
What is the hundreds digit of 3481545?
5
What is the hundred thousands digit of 727948338?
9
What is the units digit of 811598043?
3
What is the ten thousands digit of 96349057?
4
What is the tens digit of 714616548?
4
What is the thousands digit of 70873404?
3
What is the units digit of 12782745?
5
What is the thousands digit of 176275638?
5
What is the hundred thousands digit of 723505439?
5
What is the hundreds digit of 3040243679?
6
What is the millions digit of 1602376667?
2
What is the ten millions digit of 16601053?
1
What is the tens digit of 47757169?
6
What is the billions digit of 1059290528?
1
What is the ten millions digit of 17186720?
1
What is the hundred thousands digit of 3466587?
4
What is the hundred thousands digit of 17134273?
1
What is the ten millions digit of 87819253?
8
What is the hundreds digit of 4057171?
1
What is the ten thousands digit of 7711900?
1
What is the hundreds digit of 1062791?
7
What is the ten thousands digit of 996348803?
4
What is the ten thousands digit of 265076709?
7
What is the billions digit of 2128046932?
2
What is the millions digit of 2784556895?
4
What is the millions digit of 641669447?
1
What is the tens digit of 18274035?
3
What is the thousands digit of 73324800?
4
What is the ten millions digit of 65258077?
6
What is the hundred thousands digit of 61463802?
4
What is the millions digit of 325651987?
5
What is the hundred thousands digit of 180880991?
8
What is the hundreds digit of 13677130?
1
What is the millions digit of 2879242504?
9
What is the millions digit of 139098237?
9
What is the ten millions digit of 226760423?
2
What is the units digit of 1148635991?
1
What is the hundreds digit of 89992107?
1
What is the billions digit of 2691579164?
2
What is the ten thousands digit of 36349884?
4
What is the millions digit of 59748252?
9
What is the hundreds digit of 211507137?
1
What is the tens digit of 381374881?
8
What is the hundreds digit of 6144738?
7
What is the tens digit of 81359476?
7
What is the ten millions digit of 100423438?
0
What is the ten thousands digit of 1004102845?
0
What is the units digit of 1769786161?
1
What is the millions digit of 352686583?
2
What is the hundreds digit of 2085777105?
1
What is the thousands digit of 100310795?
0
What is the ten thousands digit of 897580887?
8
What is the hundred millions digit of 775871380?
7
What is the ten millions digit of 348671351?
4
What is the millions digit of 17747832?
7
What is the ten thousands digit of 8264942?
6
What is the tens digit of 1131643451?
5
What is the hundreds digit of 562389043?
0
What is the ten thousands digit of 79510742?
1
What is the ten millions digit of 19375949?
1
What is the ten millions digit of 431017846?
3
What is the hundreds digit of 38226638?
6
What is the ten thousands digit of 727914751?
1
What is the units digit of 4163882725?
5
What is the units digit of 204118433?
3
What is the hundred millions digit of 2156132349?
1
What is the millions digit of 210490946?
0
What is the thousands digit of 690146034?
6
What is the billions digit of 1789639381?
1
What is the millions digit of 24422924?
4
What is the ten millions digit of 565256199?
6
What is the billions digit of 2395222293?
2
What is the ten thousands digit of 7791427089?
2
What is the hundreds digit of 77318413?
4
What is the hundred thousands digit of 41612560?
6
What is the hundreds digit of 3315116401?
4
What is the hundred millions digit of 158769392?
1
What is the units digit of 209904367?
7
What is the thousands digit of 200051212?
1
What is the hundreds digit of 238815450?
4
What is the millions d